{"id":1523,"date":"2021-04-13T09:31:54","date_gmt":"2021-04-13T09:31:54","guid":{"rendered":"https:\/\/pro-rigging.com\/?page_id=1523"},"modified":"2025-05-23T08:43:27","modified_gmt":"2025-05-23T08:43:27","slug":"equipo","status":"publish","type":"page","link":"https:\/\/pro-rigging.com\/index.php\/equipo\/","title":{"rendered":"Equipo"},"content":{"rendered":"\t\t<div data-elementor-type=\"wp-page\" data-elementor-id=\"1523\" class=\"elementor elementor-1523\" data-elementor-post-type=\"page\">\n\t\t\t\t\t\t<section class=\"elementor-section elementor-top-section elementor-element elementor-element-fe03b2a elementor-section-height-min-height elementor-section-items-bottom elementor-reverse-mobile elementor-section-boxed elementor-section-height-default\" data-id=\"fe03b2a\" data-element_type=\"section\" data-e-type=\"section\" data-settings=\"{&quot;background_background&quot;:&quot;classic&quot;}\">\n\t\t\t\t\t\t\t<div class=\"elementor-background-overlay\"><\/div>\n\t\t\t\t\t\t\t<div class=\"elementor-container elementor-column-gap-default\">\n\t\t\t\t\t<div class=\"elementor-column elementor-col-50 elementor-top-column elementor-element elementor-element-931bc7a\" data-id=\"931bc7a\" data-element_type=\"column\" data-e-type=\"column\">\n\t\t\t<div class=\"elementor-widget-wrap elementor-element-populated\">\n\t\t\t\t\t\t<div class=\"elementor-element elementor-element-8ce861b elementor-widget elementor-widget-heading\" data-id=\"8ce861b\" data-element_type=\"widget\" data-e-type=\"widget\" data-widget_type=\"heading.default\">\n\t\t\t\t<div class=\"elementor-widget-container\">\n\t\t\t\t\t<h1 class=\"elementor-heading-title elementor-size-default\">Equipo<\/h1>\t\t\t\t<\/div>\n\t\t\t\t<\/div>\n\t\t\t\t<div class=\"elementor-element elementor-element-bd2ead4 elementor-hidden-phone elementor-widget elementor-widget-spacer\" data-id=\"bd2ead4\" data-element_type=\"widget\" data-e-type=\"widget\" data-widget_type=\"spacer.default\">\n\t\t\t\t<div class=\"elementor-widget-container\">\n\t\t\t\t\t\t\t<div class=\"elementor-spacer\">\n\t\t\t<div class=\"elementor-spacer-inner\"><\/div>\n\t\t<\/div>\n\t\t\t\t\t\t<\/div>\n\t\t\t\t<\/div>\n\t\t\t\t\t<\/div>\n\t\t<\/div>\n\t\t\t\t<div class=\"elementor-column elementor-col-50 elementor-top-column elementor-element elementor-element-2b92643\" data-id=\"2b92643\" data-element_type=\"column\" data-e-type=\"column\">\n\t\t\t<div class=\"elementor-widget-wrap\">\n\t\t\t\t\t\t\t<\/div>\n\t\t<\/div>\n\t\t\t\t\t<\/div>\n\t\t<\/section>\n\t\t\t\t<section class=\"elementor-section elementor-top-section elementor-element elementor-element-26d6b8af elementor-section-boxed elementor-section-height-default elementor-section-height-default\" data-id=\"26d6b8af\" data-element_type=\"section\" data-e-type=\"section\">\n\t\t\t\t\t\t<div class=\"elementor-container elementor-column-gap-default\">\n\t\t\t\t\t<div class=\"elementor-column elementor-col-50 elementor-top-column elementor-element elementor-element-1de5047e\" data-id=\"1de5047e\" data-element_type=\"column\" data-e-type=\"column\">\n\t\t\t<div class=\"elementor-widget-wrap elementor-element-populated\">\n\t\t\t\t\t\t<div class=\"elementor-element elementor-element-46e31b8a elementor-widget elementor-widget-heading\" data-id=\"46e31b8a\" data-element_type=\"widget\" data-e-type=\"widget\" data-widget_type=\"heading.default\">\n\t\t\t\t<div class=\"elementor-widget-container\">\n\t\t\t\t\t<h4 class=\"elementor-heading-title elementor-size-default\">TRABAJAMOS PARA TI<\/h4>\t\t\t\t<\/div>\n\t\t\t\t<\/div>\n\t\t\t\t<div class=\"elementor-element elementor-element-609fdb6c elementor-widget elementor-widget-heading\" data-id=\"609fdb6c\" data-element_type=\"widget\" data-e-type=\"widget\" data-widget_type=\"heading.default\">\n\t\t\t\t<div class=\"elementor-widget-container\">\n\t\t\t\t\t<h2 class=\"elementor-heading-title elementor-size-default\">conoce nuestros riggers<\/h2>\t\t\t\t<\/div>\n\t\t\t\t<\/div>\n\t\t\t\t\t<\/div>\n\t\t<\/div>\n\t\t\t\t<div class=\"elementor-column elementor-col-50 elementor-top-column elementor-element elementor-element-1532bd30\" data-id=\"1532bd30\" data-element_type=\"column\" data-e-type=\"column\">\n\t\t\t<div class=\"elementor-widget-wrap elementor-element-populated\">\n\t\t\t\t\t\t<div class=\"elementor-element elementor-element-5d008c9e elementor-widget elementor-widget-text-editor\" data-id=\"5d008c9e\" data-element_type=\"widget\" data-e-type=\"widget\" data-widget_type=\"text-editor.default\">\n\t\t\t\t<div class=\"elementor-widget-container\">\n\t\t\t\t\t\t\t\t\t<p>Nuestro equipo humano est\u00e1 formado por profesionales con m\u00e1s de dos d\u00e9cadas de experiencia en el sector n\u00e1utico y una gran pasi\u00f3n por el mar.<br \/><br \/>En <strong>PRO-RIGGING<\/strong> cada embarcaci\u00f3n es \u00fanica, por eso gracias a nuestra dedicaci\u00f3n y compromiso nuestros clientes conf\u00edan en nosotros.<\/p>\t\t\t\t\t\t\t\t<\/div>\n\t\t\t\t<\/div>\n\t\t\t\t\t<\/div>\n\t\t<\/div>\n\t\t\t\t\t<\/div>\n\t\t<\/section>\n\t\t\t\t<section class=\"elementor-section elementor-top-section elementor-element elementor-element-4a4e5e37 elementor-section-boxed elementor-section-height-default elementor-section-height-default\" data-id=\"4a4e5e37\" data-element_type=\"section\" data-e-type=\"section\">\n\t\t\t\t\t\t<div class=\"elementor-container elementor-column-gap-default\">\n\t\t\t\t\t<div class=\"elementor-column elementor-col-100 elementor-top-column elementor-element elementor-element-27088de7\" data-id=\"27088de7\" data-element_type=\"column\" data-e-type=\"column\">\n\t\t\t<div class=\"elementor-widget-wrap elementor-element-populated\">\n\t\t\t\t\t\t<section class=\"elementor-section elementor-inner-section elementor-element elementor-element-418e180f elementor-section-boxed elementor-section-height-default elementor-section-height-default\" data-id=\"418e180f\" data-element_type=\"section\" data-e-type=\"section\">\n\t\t\t\t\t\t<div class=\"elementor-container elementor-column-gap-default\">\n\t\t\t\t\t<div class=\"elementor-column elementor-col-33 elementor-inner-column elementor-element elementor-element-43d4c64\" data-id=\"43d4c64\" data-element_type=\"column\" data-e-type=\"column\">\n\t\t\t<div class=\"elementor-widget-wrap elementor-element-populated\">\n\t\t\t\t\t\t<div class=\"elementor-element elementor-element-4614f28 elementor-position-top elementor-widget elementor-widget-image-box\" data-id=\"4614f28\" data-element_type=\"widget\" data-e-type=\"widget\" data-widget_type=\"image-box.default\">\n\t\t\t\t<div class=\"elementor-widget-container\">\n\t\t\t\t\t<div class=\"elementor-image-box-wrapper\"><figure class=\"elementor-image-box-img\"><img fetchpriority=\"high\" decoding=\"async\" width=\"434\" height=\"650\" src=\"https:\/\/pro-rigging.com\/wp-content\/uploads\/2021\/04\/SUPERYACHT-RIGGER-RODRIGO-SANZ.jpg\" class=\"attachment-full size-full wp-image-1548\" alt=\"\" srcset=\"https:\/\/pro-rigging.com\/wp-content\/uploads\/2021\/04\/SUPERYACHT-RIGGER-RODRIGO-SANZ.jpg 434w, https:\/\/pro-rigging.com\/wp-content\/uploads\/2021\/04\/SUPERYACHT-RIGGER-RODRIGO-SANZ-200x300.jpg 200w\" sizes=\"(max-width: 434px) 100vw, 434px\" \/><\/figure><div class=\"elementor-image-box-content\"><h4 class=\"elementor-image-box-title\">RODRIGO SANZ<\/h4><p class=\"elementor-image-box-description\">CEO y el capit\u00e1n de PRO-RIGGING<\/p><\/div><\/div>\t\t\t\t<\/div>\n\t\t\t\t<\/div>\n\t\t\t\t\t<\/div>\n\t\t<\/div>\n\t\t\t\t<div class=\"elementor-column elementor-col-33 elementor-inner-column elementor-element elementor-element-2cb6bfe\" data-id=\"2cb6bfe\" data-element_type=\"column\" data-e-type=\"column\">\n\t\t\t<div class=\"elementor-widget-wrap elementor-element-populated\">\n\t\t\t\t\t\t<div class=\"elementor-element elementor-element-40d44cc elementor-position-top elementor-widget elementor-widget-image-box\" data-id=\"40d44cc\" data-element_type=\"widget\" data-e-type=\"widget\" data-widget_type=\"image-box.default\">\n\t\t\t\t<div class=\"elementor-widget-container\">\n\t\t\t\t\t<div class=\"elementor-image-box-wrapper\"><figure class=\"elementor-image-box-img\"><img decoding=\"async\" width=\"434\" height=\"650\" src=\"https:\/\/pro-rigging.com\/wp-content\/uploads\/2021\/04\/SUPERYACHT-RIGGER-ELENA-SANZ.jpg\" class=\"attachment-full size-full wp-image-1553\" alt=\"\" srcset=\"https:\/\/pro-rigging.com\/wp-content\/uploads\/2021\/04\/SUPERYACHT-RIGGER-ELENA-SANZ.jpg 434w, https:\/\/pro-rigging.com\/wp-content\/uploads\/2021\/04\/SUPERYACHT-RIGGER-ELENA-SANZ-200x300.jpg 200w\" sizes=\"(max-width: 434px) 100vw, 434px\" \/><\/figure><div class=\"elementor-image-box-content\"><h4 class=\"elementor-image-box-title\">ELENA SANZ<\/h4><p class=\"elementor-image-box-description\">Responsable del departamento administrativo y fiscal.<\/p><\/div><\/div>\t\t\t\t<\/div>\n\t\t\t\t<\/div>\n\t\t\t\t\t<\/div>\n\t\t<\/div>\n\t\t\t\t<div class=\"elementor-column elementor-col-33 elementor-inner-column elementor-element elementor-element-6af2bdb\" data-id=\"6af2bdb\" data-element_type=\"column\" data-e-type=\"column\">\n\t\t\t<div class=\"elementor-widget-wrap elementor-element-populated\">\n\t\t\t\t\t\t<div class=\"elementor-element elementor-element-8e38931 elementor-position-top elementor-widget elementor-widget-image-box\" data-id=\"8e38931\" data-element_type=\"widget\" data-e-type=\"widget\" data-widget_type=\"image-box.default\">\n\t\t\t\t<div class=\"elementor-widget-container\">\n\t\t\t\t\t<div class=\"elementor-image-box-wrapper\"><figure class=\"elementor-image-box-img\"><img decoding=\"async\" width=\"434\" height=\"650\" src=\"https:\/\/pro-rigging.com\/wp-content\/uploads\/2021\/04\/SUPERYACHT-RIGGER-XAVI-MOYA.jpg\" class=\"attachment-full size-full wp-image-1554\" alt=\"\" srcset=\"https:\/\/pro-rigging.com\/wp-content\/uploads\/2021\/04\/SUPERYACHT-RIGGER-XAVI-MOYA.jpg 434w, https:\/\/pro-rigging.com\/wp-content\/uploads\/2021\/04\/SUPERYACHT-RIGGER-XAVI-MOYA-200x300.jpg 200w\" sizes=\"(max-width: 434px) 100vw, 434px\" \/><\/figure><div class=\"elementor-image-box-content\"><h4 class=\"elementor-image-box-title\">XAVI MOYA<\/h4><p class=\"elementor-image-box-description\">Cofundador de la empresa PRO-RIGGING<\/p><\/div><\/div>\t\t\t\t<\/div>\n\t\t\t\t<\/div>\n\t\t\t\t\t<\/div>\n\t\t<\/div>\n\t\t\t\t\t<\/div>\n\t\t<\/section>\n\t\t\t\t<section class=\"elementor-section elementor-inner-section elementor-element elementor-element-2ab87a8d elementor-section-boxed elementor-section-height-default elementor-section-height-default\" data-id=\"2ab87a8d\" data-element_type=\"section\" data-e-type=\"section\">\n\t\t\t\t\t\t<div class=\"elementor-container elementor-column-gap-default\">\n\t\t\t\t\t<div class=\"elementor-column elementor-col-33 elementor-inner-column elementor-element elementor-element-f5e1e3f\" data-id=\"f5e1e3f\" data-element_type=\"column\" data-e-type=\"column\">\n\t\t\t<div class=\"elementor-widget-wrap elementor-element-populated\">\n\t\t\t\t\t\t<div class=\"elementor-element elementor-element-437ae0c elementor-position-top elementor-widget elementor-widget-image-box\" data-id=\"437ae0c\" data-element_type=\"widget\" data-e-type=\"widget\" data-widget_type=\"image-box.default\">\n\t\t\t\t<div class=\"elementor-widget-container\">\n\t\t\t\t\t<div class=\"elementor-image-box-wrapper\"><figure class=\"elementor-image-box-img\"><img loading=\"lazy\" decoding=\"async\" width=\"868\" height=\"1300\" src=\"https:\/\/pro-rigging.com\/wp-content\/uploads\/2025\/01\/pixelcut-export.jpeg\" class=\"attachment-full size-full wp-image-4378\" alt=\"\" srcset=\"https:\/\/pro-rigging.com\/wp-content\/uploads\/2025\/01\/pixelcut-export.jpeg 868w, https:\/\/pro-rigging.com\/wp-content\/uploads\/2025\/01\/pixelcut-export-200x300.jpeg 200w, https:\/\/pro-rigging.com\/wp-content\/uploads\/2025\/01\/pixelcut-export-684x1024.jpeg 684w, https:\/\/pro-rigging.com\/wp-content\/uploads\/2025\/01\/pixelcut-export-768x1150.jpeg 768w\" sizes=\"(max-width: 868px) 100vw, 868px\" \/><\/figure><div class=\"elementor-image-box-content\"><h4 class=\"elementor-image-box-title\">AGUSTIN ZECCHIN<\/h4><\/div><\/div>\t\t\t\t<\/div>\n\t\t\t\t<\/div>\n\t\t\t\t\t<\/div>\n\t\t<\/div>\n\t\t\t\t<div class=\"elementor-column elementor-col-33 elementor-inner-column elementor-element elementor-element-20e8ba5\" data-id=\"20e8ba5\" data-element_type=\"column\" data-e-type=\"column\">\n\t\t\t<div class=\"elementor-widget-wrap elementor-element-populated\">\n\t\t\t\t\t\t<div class=\"elementor-element elementor-element-bb14e80 elementor-position-top elementor-widget elementor-widget-image-box\" data-id=\"bb14e80\" data-element_type=\"widget\" data-e-type=\"widget\" data-widget_type=\"image-box.default\">\n\t\t\t\t<div class=\"elementor-widget-container\">\n\t\t\t\t\t<div class=\"elementor-image-box-wrapper\"><figure class=\"elementor-image-box-img\"><img loading=\"lazy\" decoding=\"async\" width=\"434\" height=\"650\" src=\"https:\/\/pro-rigging.com\/wp-content\/uploads\/2021\/04\/SUPERYACHT-RIGGER-DANIEL-PIQUERAS.jpg\" class=\"attachment-full size-full wp-image-1556\" alt=\"\" srcset=\"https:\/\/pro-rigging.com\/wp-content\/uploads\/2021\/04\/SUPERYACHT-RIGGER-DANIEL-PIQUERAS.jpg 434w, https:\/\/pro-rigging.com\/wp-content\/uploads\/2021\/04\/SUPERYACHT-RIGGER-DANIEL-PIQUERAS-200x300.jpg 200w\" sizes=\"(max-width: 434px) 100vw, 434px\" \/><\/figure><div class=\"elementor-image-box-content\"><h4 class=\"elementor-image-box-title\">DANIEL PIQUERAS<\/h4><p class=\"elementor-image-box-description\">Rigger responsable de la elaboraci\u00f3n de cables, la creaci\u00f3n de jarcias y la modificaci\u00f3n de varillas para cada embarcaci\u00f3n.<\/p><\/div><\/div>\t\t\t\t<\/div>\n\t\t\t\t<\/div>\n\t\t\t\t\t<\/div>\n\t\t<\/div>\n\t\t\t\t<div class=\"elementor-column elementor-col-33 elementor-inner-column elementor-element elementor-element-dd747fe\" data-id=\"dd747fe\" data-element_type=\"column\" data-e-type=\"column\">\n\t\t\t<div class=\"elementor-widget-wrap elementor-element-populated\">\n\t\t\t\t\t\t<div class=\"elementor-element elementor-element-a3b5aad elementor-position-top elementor-widget elementor-widget-image-box\" data-id=\"a3b5aad\" data-element_type=\"widget\" data-e-type=\"widget\" data-widget_type=\"image-box.default\">\n\t\t\t\t<div class=\"elementor-widget-container\">\n\t\t\t\t\t<div class=\"elementor-image-box-wrapper\"><figure class=\"elementor-image-box-img\"><img loading=\"lazy\" decoding=\"async\" width=\"868\" height=\"1300\" src=\"https:\/\/pro-rigging.com\/wp-content\/uploads\/2025\/01\/pixelcut-export-1.jpeg\" class=\"attachment-full size-full wp-image-4382\" alt=\"\" srcset=\"https:\/\/pro-rigging.com\/wp-content\/uploads\/2025\/01\/pixelcut-export-1.jpeg 868w, https:\/\/pro-rigging.com\/wp-content\/uploads\/2025\/01\/pixelcut-export-1-200x300.jpeg 200w, https:\/\/pro-rigging.com\/wp-content\/uploads\/2025\/01\/pixelcut-export-1-684x1024.jpeg 684w, https:\/\/pro-rigging.com\/wp-content\/uploads\/2025\/01\/pixelcut-export-1-768x1150.jpeg 768w\" sizes=\"(max-width: 868px) 100vw, 868px\" \/><\/figure><div class=\"elementor-image-box-content\"><h4 class=\"elementor-image-box-title\">BENITO GRIMALT<\/h4><p class=\"elementor-image-box-description\">Rigger responsable de la elaboraci\u00f3n de cables, la creaci\u00f3n de jarcias y la modificaci\u00f3n de varillas para cada embarcaci\u00f3n.<\/p><\/div><\/div>\t\t\t\t<\/div>\n\t\t\t\t<\/div>\n\t\t\t\t\t<\/div>\n\t\t<\/div>\n\t\t\t\t\t<\/div>\n\t\t<\/section>\n\t\t\t\t<section class=\"elementor-section elementor-inner-section elementor-element elementor-element-4e965c02 elementor-section-boxed elementor-section-height-default elementor-section-height-default\" data-id=\"4e965c02\" data-element_type=\"section\" data-e-type=\"section\">\n\t\t\t\t\t\t<div class=\"elementor-container elementor-column-gap-default\">\n\t\t\t\t\t<div class=\"elementor-column elementor-col-33 elementor-inner-column elementor-element elementor-element-4e58962\" data-id=\"4e58962\" data-element_type=\"column\" data-e-type=\"column\">\n\t\t\t<div class=\"elementor-widget-wrap\">\n\t\t\t\t\t\t\t<\/div>\n\t\t<\/div>\n\t\t\t\t<div class=\"elementor-column elementor-col-33 elementor-inner-column elementor-element elementor-element-74f8e80\" data-id=\"74f8e80\" data-element_type=\"column\" data-e-type=\"column\">\n\t\t\t<div class=\"elementor-widget-wrap\">\n\t\t\t\t\t\t\t<\/div>\n\t\t<\/div>\n\t\t\t\t<div class=\"elementor-column elementor-col-33 elementor-inner-column elementor-element elementor-element-83bfa50\" data-id=\"83bfa50\" data-element_type=\"column\" data-e-type=\"column\">\n\t\t\t<div class=\"elementor-widget-wrap\">\n\t\t\t\t\t\t\t<\/div>\n\t\t<\/div>\n\t\t\t\t\t<\/div>\n\t\t<\/section>\n\t\t\t\t<section class=\"elementor-section elementor-inner-section elementor-element elementor-element-15c02f5 elementor-section-boxed elementor-section-height-default elementor-section-height-default\" data-id=\"15c02f5\" data-element_type=\"section\" data-e-type=\"section\">\n\t\t\t\t\t\t<div class=\"elementor-container elementor-column-gap-default\">\n\t\t\t\t\t<div class=\"elementor-column elementor-col-33 elementor-inner-column elementor-element elementor-element-bee2258\" data-id=\"bee2258\" data-element_type=\"column\" data-e-type=\"column\">\n\t\t\t<div class=\"elementor-widget-wrap\">\n\t\t\t\t\t\t\t<\/div>\n\t\t<\/div>\n\t\t\t\t<div class=\"elementor-column elementor-col-33 elementor-inner-column elementor-element elementor-element-fae62b2\" data-id=\"fae62b2\" data-element_type=\"column\" data-e-type=\"column\">\n\t\t\t<div class=\"elementor-widget-wrap\">\n\t\t\t\t\t\t\t<\/div>\n\t\t<\/div>\n\t\t\t\t<div class=\"elementor-column elementor-col-33 elementor-inner-column elementor-element elementor-element-b3a428d\" data-id=\"b3a428d\" data-element_type=\"column\" data-e-type=\"column\">\n\t\t\t<div class=\"elementor-widget-wrap\">\n\t\t\t\t\t\t\t<\/div>\n\t\t<\/div>\n\t\t\t\t\t<\/div>\n\t\t<\/section>\n\t\t\t\t\t<\/div>\n\t\t<\/div>\n\t\t\t\t\t<\/div>\n\t\t<\/section>\n\t\t\t\t<\/div>\n\t\t","protected":false},"excerpt":{"rendered":"<p>Equipo TRABAJAMOS PARA TI conoce nuestros riggers Nuestro equipo humano est\u00e1 formado por profesionales con m\u00e1s de dos d\u00e9cadas de experiencia en el sector n\u00e1utico y una gran pasi\u00f3n por el mar. En PRO-RIGGING cada embarcaci\u00f3n es \u00fanica, por eso gracias a nuestra dedicaci\u00f3n y compromiso nuestros clientes conf\u00edan en nosotros. RODRIGO SANZ CEO y&#8230;<\/p>\n","protected":false},"author":8,"featured_media":0,"parent":0,"menu_order":0,"comment_status":"closed","ping_status":"closed","template":"elementor_header_footer","meta":{"_kad_post_transparent":"","_kad_post_title":"hide","_kad_post_layout":"normal","_kad_post_sidebar_id":"","_kad_post_content_style":"unboxed","_kad_post_vertical_padding":"hide","_kad_post_feature":"hide","_kad_post_feature_position":"","_kad_post_header":false,"_kad_post_footer":false,"footnotes":""},"class_list":["post-1523","page","type-page","status-publish","hentry"],"_links":{"self":[{"href":"https:\/\/pro-rigging.com\/index.php\/wp-json\/wp\/v2\/pages\/1523","targetHints":{"allow":["GET"]}}],"collection":[{"href":"https:\/\/pro-rigging.com\/index.php\/wp-json\/wp\/v2\/pages"}],"about":[{"href":"https:\/\/pro-rigging.com\/index.php\/wp-json\/wp\/v2\/types\/page"}],"author":[{"embeddable":true,"href":"https:\/\/pro-rigging.com\/index.php\/wp-json\/wp\/v2\/users\/8"}],"replies":[{"embeddable":true,"href":"https:\/\/pro-rigging.com\/index.php\/wp-json\/wp\/v2\/comments?post=1523"}],"version-history":[{"count":5,"href":"https:\/\/pro-rigging.com\/index.php\/wp-json\/wp\/v2\/pages\/1523\/revisions"}],"predecessor-version":[{"id":4411,"href":"https:\/\/pro-rigging.com\/index.php\/wp-json\/wp\/v2\/pages\/1523\/revisions\/4411"}],"wp:attachment":[{"href":"https:\/\/pro-rigging.com\/index.php\/wp-json\/wp\/v2\/media?parent=1523"}],"curies":[{"name":"wp","href":"https:\/\/api.w.org\/{rel}","templated":true}]}}