{"id":3843,"date":"2021-06-01T10:53:14","date_gmt":"2021-06-01T10:53:14","guid":{"rendered":"https:\/\/pro-rigging.com\/?page_id=3843"},"modified":"2021-06-01T10:55:09","modified_gmt":"2021-06-01T10:55:09","slug":"politica-de-privacidad","status":"publish","type":"page","link":"https:\/\/pro-rigging.com\/index.php\/politica-de-privacidad\/","title":{"rendered":"Pol\u00edtica de privacidad"},"content":{"rendered":"\t\t<div data-elementor-type=\"wp-page\" data-elementor-id=\"3843\" class=\"elementor elementor-3843\" data-elementor-post-type=\"page\">\n\t\t\t\t\t\t<section class=\"elementor-section elementor-top-section elementor-element elementor-element-0b17d88 elementor-section-height-min-height elementor-section-items-bottom elementor-reverse-mobile elementor-section-boxed elementor-section-height-default\" data-id=\"0b17d88\" data-element_type=\"section\" data-e-type=\"section\" data-settings=\"{&quot;background_background&quot;:&quot;classic&quot;}\">\n\t\t\t\t\t\t<div class=\"elementor-container elementor-column-gap-default\">\n\t\t\t\t\t<div class=\"elementor-column elementor-col-50 elementor-top-column elementor-element elementor-element-190ab01\" data-id=\"190ab01\" data-element_type=\"column\" data-e-type=\"column\">\n\t\t\t<div class=\"elementor-widget-wrap elementor-element-populated\">\n\t\t\t\t\t\t<div class=\"elementor-element elementor-element-78311cd elementor-widget elementor-widget-heading\" data-id=\"78311cd\" data-element_type=\"widget\" data-e-type=\"widget\" data-widget_type=\"heading.default\">\n\t\t\t\t<div class=\"elementor-widget-container\">\n\t\t\t\t\t<h1 class=\"elementor-heading-title elementor-size-default\">Pol\u00edtica de privacidad<\/h1>\t\t\t\t<\/div>\n\t\t\t\t<\/div>\n\t\t\t\t<div class=\"elementor-element elementor-element-c3cb2d4 elementor-hidden-phone elementor-widget elementor-widget-spacer\" data-id=\"c3cb2d4\" data-element_type=\"widget\" data-e-type=\"widget\" data-widget_type=\"spacer.default\">\n\t\t\t\t<div class=\"elementor-widget-container\">\n\t\t\t\t\t\t\t<div class=\"elementor-spacer\">\n\t\t\t<div class=\"elementor-spacer-inner\"><\/div>\n\t\t<\/div>\n\t\t\t\t\t\t<\/div>\n\t\t\t\t<\/div>\n\t\t\t\t\t<\/div>\n\t\t<\/div>\n\t\t\t\t<div class=\"elementor-column elementor-col-50 elementor-top-column elementor-element elementor-element-efcb12a\" data-id=\"efcb12a\" data-element_type=\"column\" data-e-type=\"column\">\n\t\t\t<div class=\"elementor-widget-wrap\">\n\t\t\t\t\t\t\t<\/div>\n\t\t<\/div>\n\t\t\t\t\t<\/div>\n\t\t<\/section>\n\t\t\t\t<section class=\"elementor-section elementor-top-section elementor-element elementor-element-99e17bb elementor-section-boxed elementor-section-height-default elementor-section-height-default\" data-id=\"99e17bb\" data-element_type=\"section\" data-e-type=\"section\">\n\t\t\t\t\t\t<div class=\"elementor-container elementor-column-gap-default\">\n\t\t\t\t\t<div class=\"elementor-column elementor-col-100 elementor-top-column elementor-element elementor-element-b5930fb\" data-id=\"b5930fb\" data-element_type=\"column\" data-e-type=\"column\">\n\t\t\t<div class=\"elementor-widget-wrap elementor-element-populated\">\n\t\t\t\t\t\t<div class=\"elementor-element elementor-element-2d63aa7 elementor-widget elementor-widget-text-editor\" data-id=\"2d63aa7\" data-element_type=\"widget\" data-e-type=\"widget\" data-widget_type=\"text-editor.default\">\n\t\t\t\t<div class=\"elementor-widget-container\">\n\t\t\t\t\t\t\t\t\t<p>Si est\u00e1s aqu\u00ed es porque quieres saber m\u00e1s sobre las obligaciones y derechos que te corresponden como usuario de esta web y eso est\u00e1 muy bien. Nuestro deber es informarte y el tuyo estar debidamente informado.<\/p><p>En esta Pol\u00edtica de Privacidad te informaremos con total transparencia sobre la finalidad de este sitio web y todo lo que afecta a los datos que nos facilites, as\u00ed como de las obligaciones y derechos que te corresponden.<\/p><p>Para empezar, debes saber que este sitio web se adapta a la normativa vigente en relaci\u00f3n con la protecci\u00f3n de datos, lo que afecta a los datos personales que nos facilites con tu consentimiento expreso y a las cookies que utilizamos para que este sitio web funcione correctamente y pueda desarrollar su actividad.<\/p><p>Concretamente, esta web se ajusta al cumplimiento de las siguientes normativas:<\/p><p>El RGPD\u00a0<strong>(Reglamento (UE) 2016\/679 del Parlamento Europeo y del Consejo de 27 de abril de 2016 relativo a la protecci\u00f3n de las personas f\u00edsicas)<\/strong>\u00a0que es la nueva normativa de la Uni\u00f3n Europea que unifica la regulaci\u00f3n del tratamiento de los datos personales en los distintos pa\u00edses de la UE.<\/p><p>La LOPD\u00a0<strong>(Ley Org\u00e1nica 15\/1999, de 13 de diciembre, de Protecci\u00f3n de Datos de Car\u00e1cter Personal y Real Decreto 1720\/2007, de 21 de diciembre, el Reglamento de desarrollo de la LOPD)<\/strong>\u00a0que regula el tratamiento de los datos personales y las obligaciones que debemos asumir los responsables de una web o un blog a la hora de gestionar esta informaci\u00f3n.<\/p><p>La LSSI\u00a0<strong>(Ley 34\/2002, de 11 de julio, de Servicios de la Sociedad de la Informaci\u00f3n y Comercio Electr\u00f3nico)<\/strong>\u00a0que regula las transacciones econ\u00f3micas mediante medios electr\u00f3nicos, como es el caso de este blog.<\/p><p><strong>DATOS DE IDENTIFICACI\u00d3N<\/strong><\/p><p>El responsable y titular de este sitio web es Rodrigo Sanz<\/p><p><strong>Raz\u00f3n Social: Rigging Boat Sl<\/strong><br \/><strong>CIF: B57623613<\/strong><br \/><strong>Tel\u00e9fono: 971592905<\/strong><br \/><strong>Otros tel\u00e9fonos: 871119751<\/strong><br \/><strong>Domicilio Social: Calle Asegra (pol can Valero), 13, Palma, 07011 , Baleares<\/strong><br \/><strong>Email: elena@pro-rigging.com<\/strong><br \/><strong>Objeto Social: La explotacion de negocio relacionados con la compra, venta y reparacion ymantenimiento de buques, embarcaciones y objetos flotantes, jarcias, mastiles y acastillaje. la elaboracion de todo tipo de cables para jarcias.<\/strong><br \/><strong>Forma jur\u00eddica: Sociedad limitada<\/strong><br \/><strong>Actividad: Reparaci\u00f3n, mantenimiento de buques<\/strong><br \/><strong>Actividad CNAE: 3315 \u2013 Reparaci\u00f3n y mantenimiento naval<\/strong><\/p><p>Los datos personales que nos facilites, siempre con tu consentimiento expreso, se almacenar\u00e1n y tratar\u00e1n con los fines previstos y descritos a continuaci\u00f3n en esta Pol\u00edtica de Privacidad, hasta el momento en que nos pidas que los eliminemos.<\/p><p>Te informamos de que esta Pol\u00edtica de Privacidad puede ser modificada en cualquier momento, con el fin de adaptarla a novedades legislativas o cambios en nuestras actividades, siendo vigente la que en cada momento se encuentre publicada en la web. Dicha modificaci\u00f3n se te notificar\u00e1 antes de su aplicaci\u00f3n.<\/p><p><strong>CONDICIONES DE USO<\/strong><\/p><p>Debes saber, para tu tranquilidad, que siempre te solicitaremos tu consentimiento expreso para recabar tus datos con la correspondiente finalidad especificada en cada caso, lo que implica que, en caso de otorgar ese consentimiento, has le\u00eddo y aceptado esta Pol\u00edtica de Privacidad.<\/p><p>En el momento en que accedas y utilices esta web, asumes tu condici\u00f3n de usuario con tus correspondientes derechos y obligaciones.<\/p><p>Si eres mayor de 13 a\u00f1os, podr\u00e1s registrarte como usuario en este sitio web sin el previo consentimiento de tus padres o tutores.<\/p><p>Si eres menor de 13 a\u00f1os, necesitar\u00e1s el consentimiento de tus padres o tutores para el tratamiento de tus datos personales.<\/p><p class=\"p1\">su m\u00e1xima velocidad, conservando los componentes estructurales el mayor n\u00famero de a\u00f1os posible.<\/p><p class=\"p1\">Adem\u00e1s de llevar m\u00e1s de 15 a\u00f1os en la industria del rigging, compite a nivel profesional en distintas competiciones del mundo.<\/p><p class=\"p1\">Navega con muchos clientes de la casa y ya ha cumplido el sue\u00f1o de cruzar el Atl\u00e1ntico.<\/p>\t\t\t\t\t\t\t\t<\/div>\n\t\t\t\t<\/div>\n\t\t\t\t\t<\/div>\n\t\t<\/div>\n\t\t\t\t\t<\/div>\n\t\t<\/section>\n\t\t\t\t<\/div>\n\t\t","protected":false},"excerpt":{"rendered":"<p>Pol\u00edtica de privacidad Si est\u00e1s aqu\u00ed es porque quieres saber m\u00e1s sobre las obligaciones y derechos que te corresponden como usuario de esta web y eso est\u00e1 muy bien. Nuestro deber es informarte y el tuyo estar debidamente informado. En esta Pol\u00edtica de Privacidad te informaremos con total transparencia sobre la finalidad de este sitio&#8230;<\/p>\n","protected":false},"author":8,"featured_media":0,"parent":0,"menu_order":0,"comment_status":"closed","ping_status":"closed","template":"","meta":{"_kad_post_transparent":"","_kad_post_title":"hide","_kad_post_layout":"fullwidth","_kad_post_sidebar_id":"","_kad_post_content_style":"unboxed","_kad_post_vertical_padding":"hide","_kad_post_feature":"hide","_kad_post_feature_position":"","_kad_post_header":false,"_kad_post_footer":false,"footnotes":""},"class_list":["post-3843","page","type-page","status-publish","hentry"],"_links":{"self":[{"href":"https:\/\/pro-rigging.com\/index.php\/wp-json\/wp\/v2\/pages\/3843","targetHints":{"allow":["GET"]}}],"collection":[{"href":"https:\/\/pro-rigging.com\/index.php\/wp-json\/wp\/v2\/pages"}],"about":[{"href":"https:\/\/pro-rigging.com\/index.php\/wp-json\/wp\/v2\/types\/page"}],"author":[{"embeddable":true,"href":"https:\/\/pro-rigging.com\/index.php\/wp-json\/wp\/v2\/users\/8"}],"replies":[{"embeddable":true,"href":"https:\/\/pro-rigging.com\/index.php\/wp-json\/wp\/v2\/comments?post=3843"}],"version-history":[{"count":0,"href":"https:\/\/pro-rigging.com\/index.php\/wp-json\/wp\/v2\/pages\/3843\/revisions"}],"wp:attachment":[{"href":"https:\/\/pro-rigging.com\/index.php\/wp-json\/wp\/v2\/media?parent=3843"}],"curies":[{"name":"wp","href":"https:\/\/api.w.org\/{rel}","templated":true}]}}